e prime factors of 1882.
2, 941
What are the prime factors of 2051?
7, 293
What are the prime factors of 22102?
2, 43, 257
List the prime factors of 2632.
2, 7, 47
List the prime factors of 6861.
3, 2287
List the prime factors of 3729.
3, 11, 113
What are the prime factors of 24599?
17, 1447
What are the prime factors of 21275?
5, 23, 37
List the prime factors of 6209.
7, 887
List the prime factors of 16074.
2, 3, 19, 47
List the prime factors of 35083.
35083
What are the prime factors of 68?
2, 17
List the prime factors of 4038.
2, 3, 673
What are the prime factors of 7155?
3, 5, 53
What are the prime factors of 557?
557
List the prime factors of 22476.
2, 3, 1873
What are the prime factors of 7325?
5, 293
List the prime factors of 16169.
19, 23, 37
List the prime factors of 50485.
5, 23, 439
List the prime factors of 567.
3, 7
List the prime factors of 3421.
11, 311
What are the prime factors of 102200?
2, 5, 7, 73
What are the prime factors of 6396?
2, 3, 13, 41
List the prime factors of 982.
2, 491
List the prime factors of 69536.
2, 41, 53
What are the prime factors of 5540?
2, 5, 277
List the prime factors of 26111.
26111
What are the prime factors of 10166?
2, 13, 17, 23
What are the prime factors of 1158?
2, 3, 193
List the prime factors of 8919.
3, 991
List the prime factors of 11949.
3, 7, 569
What are the prime factors of 4319?
7, 617
List the prime factors of 1060.
2, 5, 53
List the prime factors of 7238.
2, 7, 11, 47
What are the prime factors of 40726?
2, 7, 2909
List the prime factors of 94072.
2, 11, 1069
List the prime factors of 1976.
2, 13, 19
List the prime factors of 15921.
3, 29, 61
What are the prime factors of 7887?
3, 11, 239
What are the prime factors of 71328?
2, 3, 743
What are the prime factors of 49597?
49597
What are the prime factors of 938?
2, 7, 67
List the prime factors of 1850.
2, 5, 37
List the prime factors of 90110.
2, 5, 9011
List the prime factors of 53244.
2, 3, 17, 29
What are the prime factors of 9009?
3, 7, 11, 13
List the prime factors of 10397.
37, 281
What are the prime factors of 238?
2, 7, 17
List the prime factors of 3345.
3, 5, 223
List the prime factors of 2286.
2, 3, 127
List the prime factors of 2107.
7, 43
List the prime factors of 47020.
2, 5, 2351
What are the prime factors of 2953?
2953
List the prime factors of 10145.
5, 2029
List the prime factors of 8079.
3, 2693
List the prime factors of 11179.
7, 1597
List the prime factors of 5815.
5, 1163
What are the prime factors of 64261?
179, 359
What are the prime factors of 1673?
7, 239
List the prime factors of 51.
3, 17
List the prime factors of 70206.
2, 3, 11701
What are the prime factors of 852?
2, 3, 71
List the prime factors of 116328.
2, 3, 37, 131
What are the prime factors of 2178?
2, 3, 11
What are the prime factors of 1060?
2, 5, 53
What are the prime factors of 3179?
11, 17
List the prime factors of 11240.
2, 5, 281
What are the prime factors of 20844?
2, 3, 193
List the prime factors of 10217.
17, 601
What are the prime factors of 1950?
2, 3, 5, 13
What are the prime factors of 33263?
29, 31, 37
List the prime factors of 75.
3, 5
What are the prime factors of 107940?
2, 3, 5, 7, 257
What are the prime factors of 14006?
2, 47, 149
What are the prime factors of 84358?
2, 42179
List the prime factors of 1241.
17, 73
List the prime factors of 8811.
3, 11, 89
What are the prime factors of 7712?
2, 241
What are the prime factors of 3370?
2, 5, 337
What are the prime factors of 10665?
3, 5, 79
What are the prime factors of 1930?
2, 5, 193
List the prime factors of 13002.
2, 3, 11, 197
What are the prime factors of 58173?
3, 19391
List the prime factors of 5369.
7, 13, 59
List the prime factors of 431.
431
What are the prime factors of 1894?
2, 947
List the prime factors of 20067.
3, 6689
What are the prime factors of 31165?
5, 23, 271
List the prime factors of 900.
2, 3, 5
List the prime factors of 5097.
3, 1699
What are the prime factors of 21007?
7, 3001
What are the prime factors of 15705?
3, 5, 349
What are the prime factors of 10193?
10193
List the prime factors of 2756.
2, 13, 53
What are the prime factors of 134?
2, 67
What are the prime factors of 1802?
2, 17, 53
What are the prime factors of 12574?
2, 6287
What are the prime factors of 919?
919
List the prime factors of 1100.
2, 5, 11
What are the prime factors of 4591?
4591
What are the prime factors of 3428?
2, 857
List the prime factors of 10006.
2, 5003
List the prime factors of 37151.
97, 383
What are the prime factors of 8061?
3, 2687
List the prime factors of 3678.
2, 3, 613
List the prime factors of 398.
2, 199
What are the prime factors of 1033?
1033
What are the prime factors of 17681?
17681
List the prime factors of 90901.
90901
List the prime factors of 496.
2, 31
List the prime factors of 16388.
2, 17, 241
What are the prime factors of 361?
19
What are the prime factors of 9034?
2, 4517
What are the prime factors of 3796?
2, 13, 73
What are the prime factors of 5679?
3, 631
List the prime factors of 2188.
2, 547
What are the prime factors of 17791?
17791
What are the prime factors of 531?
3, 59
What are the prime factors of 518?
2, 7, 37
List the prime factors of 100459.
100459
List the prime factors of 580.
2, 5, 29
What are the prime factors of 3654?
2, 3, 7, 29
List the prime factors of 16370.
2, 5, 1637
List the prime factors of 2716.
2, 7, 97
What are the prime factors of 3266?
2, 23, 71
What are the prime factors of 599?
599
List the prime factors of 3704.
2, 463
What are the prime factors of 9435?
3, 5, 17, 37
What are the prime factors of 188198?
2, 94099
List the prime factors of 2179.
2179
List the prime factors of 1591.
37, 43
List the prime factors of 2923.
37, 79
List the prime factors of 6583.
29, 227
What are the prime factors of 29207?
29207
List the prime factors of 250.
2, 5
What are the prime factors of 3583?
3583
What are the prime factors of 3116?
2, 19, 41
List the prime factors of 917.
7, 131
What are the prime factors of 1347?
3, 449
What are the prime factors of 75412?
2, 17, 1109
List the prime factors of 73580.
2, 5, 13, 283
List the prime factors of 5939.
5939
What are the prime factors of 84667?
11, 43, 179
List the prime factors of 6037.
6037
List the prime factors of 1216.
2, 19
List the prime factors of 16707.
3, 5569
What are the prime factors of 29547?
3, 7, 67
List the prime factors of 835.
5, 167
What are the prime factors of 3166?
2, 1583
List the prime factors of 46720.
2, 5, 73
List the prime factors of 13528.
2, 19, 89
What are the prime factors of 1370?
2, 5, 137
What are the prime factors of 3613?
3613
List the prime factors of 91585.
5, 13, 1409
List the prime factors of 20744.
2, 2593
What are the prime factors of 99096?
2, 3, 4129
List the prime factors of 134.
2, 67
What are the prime factors of 81071?
81071
List the prime factors of 17184.
2, 3, 179
List the prime factors of 82599.
3, 11, 2503
What are the prime factors of 6223?
7, 127
What are the prime factors of 1060?
2, 5, 53
List the prime factors of 16271.
53, 307
List the prime factors of 20827.
59, 353
What are the prime factors of 1168?
2, 73
List the prime factors of 1957.
19, 103
List the prime factors of 127769.
67, 1907
What are the prime factors of 6382?
2, 3191
List the prime factors of 105787.
11, 59, 163
List the prime factors of 2248.
2, 281
List the prime factors of 22919.
13, 41, 43
What are the prime factors of 68985?
3, 5, 7, 73
What are the prime factors of 11453?
13, 881
List the prime factors of 70.
2, 5, 7
List the prime factors of 956.
2, 239
What are the prime factors of 2096?
2, 131
List the prime factors of 6096.
2, 3, 127
List the prime factors of 23514.
2, 3, 3919
What are the prime factors of 37618?
2, 7, 2687
What are the prime factors of 18855?
3, 5, 419
List the prime factors of 927.
3, 103
List the prime factors of 1894.
2, 947
What are the prime factors of 48417?
3, 16139
What are the prime factors of 2766?
2, 3, 461
What are the prime factors of 1084?
2, 271
List the prime factors of 16373.
7, 2339
What are the prime factors of 152?
2, 19
What are the prime factors of 464?
2, 29
What are the prime factors of 933?
3, 311
List the prime factors of 12654.
2, 3, 19, 37
List the prime factors of 88734.
2, 3, 23, 643
What are t